Let k be 3/(24/44) + 3/6. Suppose -3*t = 4*z - 244, 0 = -k*t + 4*t - 8. Calculate the greatest common factor of z and 4.
4
Let r be (-9)/6 + (-7075)/(-50). Suppose 4*q - d = 48 + 137, -d - r = -3*q. Let w = 117 + 18. What is the greatest common divisor of w and q?
45
Suppose 9*z + 336 = 3*z. Let w = -127 + 32. Let u = z - w. What is the greatest common factor of u and 26?
13
Let r be ((-104)/(-13))/((-5)/(-115)*2). What is the greatest common divisor of 9476 and r?
92
Let p(z) = -9*z - 383. Let g be p(-47). What is the highest common factor of 5980 and g?
20
Let y = -6439 + 6689. What is the highest common divisor of 200 and y?
50
Let g be (13 + 595)/8 + 2. Calculate the highest common factor of g and 520.
26
Suppose 7 = 5*d - 7*h + 8*h, -4*h + 7 = -d. What is the highest common factor of d and 641?
1
Let a be (6 + (-1782)/135)/((-2)/25). Let h(s) = -s**3 - 8*s**2 + 16*s + 23. Let g be h(-11). Calculate the highest common divisor of g and a.
30
Suppose 5*v - 32 = -j, j = 6*j - 5*v - 130. Let f(d) = -2*d**3 - 20*d**2 - 22*d - 9. Let m be f(-9). What is the highest common divisor of m and j?
27
Let i(c) = c**3 + 12*c**2 + 24. Let k be i(-6). Suppose -2*n - k = -8*n. Calculate the highest common divisor of n and 10.
10
Let z = -3181 + 3182. Suppose 0*x = -u + 5*x + 29, u - 1 = -2*x. What is the highest common factor of z and u?
1
Suppose -42*x = -50*x + 24. Suppose 5*o - 508 = 4*j - 5*j, 0 = -4*j - x*o + 2049. What is the highest common divisor of j and 27?
27
Let g be (-2275)/(-15) + (-380)/228. Let y be ((-210)/1)/(-1) + 0. Calculate the highest common factor of y and g.
30
Let u(k) = -k**2 - 53*k - 544. Let g be u(-14). Suppose 112 = 12*y - 4*y. What is the greatest common factor of g and y?
2
Let l = -31 + 31. Suppose -2*c + 144 = -l*c. Let o = c - 24. Calculate the greatest common factor of o and 12.
12
Let p = 1578 - 1028. Calculate the greatest common divisor of 30 and p.
10
Let k(p) = 19*p + 65. Let q(d) = -189*d - 651. Let x(i) = -21*k(i) - 2*q(i). Let j be x(-15). Calculate the highest common divisor of j and 72.
36
Let h = 4493 + -3828. What is the greatest common factor of 798 and h?
133
Let g(a) = a**3 + 14*a**2 + 15*a + 26. Let x be g(-13). Suppose x = -3*y - 4*p + 4 + 164, -5*y = 5*p - 275. What is the greatest common divisor of 338 and y?
26
Suppose -5*j = -16 - 49. Suppose j*z = 6*z + 574. Suppose 1025 = y + 4*y. What is the highest common divisor of z and y?
41
Suppose -209*g = -215*g + 12. Let p be 736/40*5/g. Calculate the greatest common factor of 69 and p.
23
Let m = -14747 - -14756. Suppose 10 = 5*s + 35. Let o(k) = -21*k - 6. Let f be o(s). What is the highest common factor of f and m?
9
Let u(z) = -z**3 - 6*z**2 + 6*z + 9. Let g be u(-7). Suppose -173 = -10*r + 156 + 471. Calculate the highest common factor of g and r.
16
Suppose -2*f - 2*f - 2*h = -98, 5*f - h = 133. Let u = f - -98. Suppose -4*z - o = -70 - 166, 2*z = o + u. Calculate the greatest common divisor of 150 and z.
30
Let j(t) = t**3 - 11*t**2 + 13*t - 30. Let l be j(9). Let h = 237 + l. Calculate the greatest common divisor of h and 18.
18
Let s(k) = 6*k + 15. Let v be s(-11). Let d = v - -67. What is the highest common divisor of 28 and d?
4
Let x = 6851 - 6834. Let c = 12 - 2. Let q be 2 - -1 - (-4 - c). Calculate the highest common factor of x and q.
17
Suppose -l = -3*u + 513, 90*u - 85*u = 2*l + 856. Calculate the greatest common divisor of u and 430.
10
Suppose -176 = -2*f - 2*s, 2*s = -2*f - s + 179. Suppose -9*r + 227 = 67 - 146. What is the highest common factor of r and f?
17
Let o = -286 + 150. Let f = 148 + o. What is the highest common divisor of f and 516?
12
Suppose a - 8 - 17 = -2*b, 4*b - 101 = -5*a. What is the highest common divisor of 1377 and a?
17
Suppose 192 = 3*h - 60. Let r = -74 + h. Suppose 9 = -3*t, 4*y - 6*t + r*t - 20 = 0. Calculate the greatest common factor of 8 and y.
8
Let j(v) be the third derivative of -v**4/12 + 31*v**3/6 - v**2 - 23*v. Let n be j(-7). What is the greatest common divisor of 315 and n?
45
Suppose -986*m - 533*m - 54961 + 197737 = 464*m. Suppose 3*u + 5*a - 700 = 0, 224 = u - 2*a + 6*a. Calculate the greatest common factor of u and m.
24
Suppose 7*z = -12 + 47. Suppose -5*m = f + 4*f - 130, -z*f + 46 = 2*m. Suppose 2*j - 42 = j. What is the highest common divisor of m and j?
14
Let d = 50 + -105. Let b = d - -101. Suppose -2*c - 6 = 0, -2*n + b = -4*c - 60. Calculate the greatest common factor of n and 94.
47
Suppose -59*k + 57*k = 110. Let g be (-36)/(4 - 13) - k. What is the highest common factor of g and 649?
59
Let i = -231 + -1. Let o = -115 - i. Let f be (((-637)/(-21))/(-1))/(21/(-18)). What is the highest common divisor of o and f?
13
Let z(q) = q - 8. Let j be z(13). Suppose 161 = j*v - 29. Suppose -2*o + v = 14. What is the greatest common divisor of o and 36?
12
Let f(s) = s**3 - 25*s**2 - 7*s + 59. Let g be f(26). Calculate the highest common factor of g and 711.
79
Let z = -12151 - -13287. What is the greatest common divisor of 1349 and z?
71
Let m(l) = 19*l - 1. Let q be m(7). Let p be 5*7 + (-56771)/5161. Calculate the highest common divisor of q and p.
12
Suppose 18*u = 5*b + 20*u - 17150, 0 = -2*b - u + 6860. What is the greatest common divisor of 80 and b?
10
Let m(h) = h**3 - 12*h**2 - 11*h - 14. Let a be m(13). Let p = -288 + 348. Calculate the greatest common factor of a and p.
12
Let h be 2*(189/(-18) + 12). Let r(b) = b. Let u be r(-4). Let w be h/(-12) - 41/u. What is the highest common divisor of 110 and w?
10
Let g(h) = -h - 16. Let k be g(-18). Suppose 5*d - 4*d - 9 = 4*p, -k*d = -3*p - 13. Suppose -d*s + 29 = -4*s. What is the greatest common factor of s and 29?
29
Suppose -8 = -6*p + 2*p - 4*v, 5*v = 4*p - 26. Suppose -6 = 3*x - 4*k - 41, p*x - 28 = -4*k. Calculate the highest common factor of 48 and x.
3
Let y(a) = -373*a - 727. Let o be y(-4). Calculate the greatest common divisor of 375 and o.
15
Let k(z) = z**3 - 44*z**2 + 240*z - 81. Let t be k(38). What is the highest common factor of 360 and t?
15
Let x(s) = 97*s - 3. Let p be x(14). Let f be (-2)/7 + 6/((-210)/p). Let g = f - -41. What is the greatest common divisor of 3 and g?
1
Let i(o) = 36*o**3 - 6*o**2 + 11*o - 81. Let k be i(5). What is the greatest common factor of k and 188?
188
Suppose 642*a - 634*a - 22520 = 0. What is the greatest common divisor of 15 and a?
5
Let d be (60 + -2)*(-2)/(-1). Let a be ((9/(-2))/(12/(-40)))/(-1). Let s be (174/4)/(a/(-10)). Calculate the highest common divisor of d and s.
29
Suppose 561*k = 544*k + 1054. Calculate the highest common divisor of 4402 and k.
62
Let z(g) = -g**2 - 32*g + 141. Let v be z(-17). What is the highest common factor of 154 and v?
22
Suppose 83*s + 4*a = 87*s - 380, -3*s + 291 = -a. Let u = s + 175. Calculate the greatest common factor of 42 and u.
21
Let f(p) be the first derivative of -p**3/3 - 3*p**2 + 12*p + 30. Let w be f(-6). What is the highest common divisor of 28 and w?
4
Let b be 0 + 3 + 0 + 150/(-6). Let t be (b/6)/((-15)/45). Suppose -2*f - z + 32 = 9, 0 = -2*f + 3*z + t. What is the highest common factor of 80 and f?
10
Let z be 3835/(-590) + (-906)/(-4). Suppose 0 = 8*g + 147 - 499. What is the greatest common divisor of z and g?
44
Let a be (2/(-4))/(4/200). Let l = a + 24. Let n be 28/16 - (l + (-3)/(-4)). What is the greatest common factor of n and 14?
2
Let g(h) = 78*h + 973. Let k be g(92). What is the greatest common divisor of k and 58?
29
Let n be (0 + -6)*7/((-42)/(-8)). Let t be 2/n*1*-2*16. Let s(y) = y**3 - 5*y**2 + y - 3. Let p be s(5). Calculate the highest common factor of p and t.
2
Suppose 97 - 13 = -3*p. Let i = -168 + 220. Let b = p + i. Calculate the greatest common divisor of 96 and b.
24
Suppose 2*b + 3*x - 41 - 117 = 0, -4*b - 4*x + 324 = 0. Suppose 0 = -b*k + 84*k + 32. What is the greatest common factor of k and 8?
8
Let g(f) = 29*f**3 + 5*f**2 - 184*f + 358. Let x be g(2). Calculate the greatest common divisor of 1749 and x.
11
Suppose 4213*u - 752*u = -1594*u + 147459 + 6540306. Suppose -12 = -z + 15. Calculate the highest common factor of z and u.
27
Let q(y) = 135*y + 65. Let g be q(2). Suppose 39*x = 31*x + 1608. What is the greatest common divisor of x and g?
67
Let j(a) = -5*a**3 - 5*a**2 - 22*a - 14. Let h b